{"id":36,"date":"2020-11-16T15:37:56","date_gmt":"2020-11-16T14:37:56","guid":{"rendered":"http:\/\/bzbgcdu.cluster030.hosting.ovh.net\/?page_id=36"},"modified":"2021-01-15T17:39:53","modified_gmt":"2021-01-15T16:39:53","slug":"biographie","status":"publish","type":"page","link":"https:\/\/www.michelcerfont.be\/?page_id=36","title":{"rendered":"Biographie"},"content":{"rendered":"\n<p>Michel Cerfont est n\u00e9 \u00e0 Bruxelles en 1953.<br>Dipl\u00f4m\u00e9 comme plasticien de l\u2019Institut Saint-Luc et de l\u2019Ecole Sup\u00e9rieure des Arts de l\u2019Image \u00ab le 75 \u00bb \u00e0 Bruxelles.<br><\/p>\n\n\n\n<p class=\"has-text-color\" style=\"color:#454545\">Principaux \u00ab Prix \u00bb et \u00ab Distinctions \u00bb :<br><br><strong>1977<\/strong> &#8211; Premier prix du concours \u00ab Aquarelle-Gouache-Pastel \u00bb<br>organis\u00e9 par le Minist\u00e8re de la Culture Fran\u00e7aise.<br><strong>1978<\/strong> &#8211; Distingu\u00e9 au prix \u00ab Jeune Peinture Belge \u00bb<br>Palais des Beaux Arts de Bruxelles.<br><strong>1979<\/strong> &#8211; Distingu\u00e9 au prix \u00ab Jeune peinture Belge \u00bb<br>Palais des Beaux Arts de Bruxelles.<br><strong>1981<\/strong> &#8211; Distingu\u00e9 au prix \u00ab Jeune Peinture Wallonne \u00bb \u00e0 Mons.<br><strong>1983<\/strong> &#8211; Retenu au prix \u00ab Jeunes Artistes M\u00e9diatine \u00bb \u00e0 Bruxelles.<br><strong>1986<\/strong> &#8211; 3\u00e8me prix du concours \u00ab Fibre et Fil \u00bb \u00e0 Bruxelles.<br><strong>1988<\/strong> &#8211; Retenu au prix \u00ab Jeunes Artistes M\u00e9diatine \u00bb \u00e0 Bruxelles.<\/p>\n\n\n\n<p class=\"has-text-color\" style=\"color: #454545;\">Bibliographie :<br \/><br \/>Serge Goyens de Heusch, 2006, Art belge au 20\u00e8me si\u00e8cle.<br \/>Collection de la fondation pour l\u2019art belge contemporain. Editions Racine.<\/p>\n\n\n\n<p class=\"has-text-color\" style=\"color:#454545\">Collection :<br><br>&#8211; Mus\u00e9e de Louvain-la-Neuve, Fondation pour l\u2019art belge contemporain.<br>&#8211; Collection d\u2019Art moderne et Contemporain de l\u2019ULB<\/p>\n","protected":false},"excerpt":{"rendered":"<p>Michel Cerfont est n\u00e9 \u00e0 Bruxelles en 1953.Dipl\u00f4m\u00e9 comme plasticien de l\u2019Institut Saint-Luc et de l\u2019Ecole Sup\u00e9rieure des Arts de l\u2019Image \u00ab le 75 \u00bb \u00e0 Bruxelles. Principaux \u00ab Prix \u00bb et \u00ab Distinctions \u00bb : 1977 &#8211; Premier prix du concours \u00ab Aquarelle-Gouache-Pastel \u00bborganis\u00e9 par le Minist\u00e8re de la Culture Fran\u00e7aise.1978 &#8211; Distingu\u00e9 au &hellip; <a href=\"https:\/\/www.michelcerfont.be\/?page_id=36\" class=\"more-link\">Continuer la lecture<span class=\"screen-reader-text\"> de &laquo;&nbsp;Biographie&nbsp;&raquo;<\/span><\/a><\/p>\n","protected":false},"author":1,"featured_media":0,"parent":0,"menu_order":0,"comment_status":"closed","ping_status":"closed","template":"","meta":{"_links_to":"","_links_to_target":""},"_links":{"self":[{"href":"https:\/\/www.michelcerfont.be\/index.php?rest_route=\/wp\/v2\/pages\/36"}],"collection":[{"href":"https:\/\/www.michelcerfont.be\/index.php?rest_route=\/wp\/v2\/pages"}],"about":[{"href":"https:\/\/www.michelcerfont.be\/index.php?rest_route=\/wp\/v2\/types\/page"}],"author":[{"embeddable":true,"href":"https:\/\/www.michelcerfont.be\/index.php?rest_route=\/wp\/v2\/users\/1"}],"replies":[{"embeddable":true,"href":"https:\/\/www.michelcerfont.be\/index.php?rest_route=%2Fwp%2Fv2%2Fcomments&post=36"}],"version-history":[{"count":16,"href":"https:\/\/www.michelcerfont.be\/index.php?rest_route=\/wp\/v2\/pages\/36\/revisions"}],"predecessor-version":[{"id":436,"href":"https:\/\/www.michelcerfont.be\/index.php?rest_route=\/wp\/v2\/pages\/36\/revisions\/436"}],"wp:attachment":[{"href":"https:\/\/www.michelcerfont.be\/index.php?rest_route=%2Fwp%2Fv2%2Fmedia&parent=36"}],"curies":[{"name":"wp","href":"https:\/\/api.w.org\/{rel}","templated":true}]}}

<p>Michel Cerfont est né à Bruxelles en 1953.<br>Diplômé comme plasticien de l’Institut Saint-Luc et de l’Ecole Supérieure des Arts de l’Image « le 75 » à Bruxelles.<br></p>



<p class="has-text-color" style="color:#454545">Principaux « Prix » et « Distinctions » :<br><br><strong>1977</strong> &#8211; Premier prix du concours « Aquarelle-Gouache-Pastel »<br>organisé par le Ministère de la Culture Française.<br><strong>1978</strong> &#8211; Distingué au prix « Jeune Peinture Belge »<br>Palais des Beaux Arts de Bruxelles.<br><strong>1979</strong> &#8211; Distingué au prix « Jeune peinture Belge »<br>Palais des Beaux Arts de Bruxelles.<br><strong>1981</strong> &#8211; Distingué au prix « Jeune Peinture Wallonne » à Mons.<br><strong>1983</strong> &#8211; Retenu au prix « Jeunes Artistes Médiatine » à Bruxelles.<br><strong>1986</strong> &#8211; 3ème prix du concours « Fibre et Fil » à Bruxelles.<br><strong>1988</strong> &#8211; Retenu au prix « Jeunes Artistes Médiatine » à Bruxelles.</p>



<p class="has-text-color" style="color: #454545;">Bibliographie :<br /><br />Serge Goyens de Heusch, 2006, Art belge au 20ème siècle.<br />Collection de la fondation pour l’art belge contemporain. Editions Racine.</p>



<p class="has-text-color" style="color:#454545">Collection :<br><br>&#8211; Musée de Louvain-la-Neuve, Fondation pour l’art belge contemporain.<br>&#8211; Collection d’Art moderne et Contemporain de l’ULB</p>

<p>Michel Cerfont est né à Bruxelles en 1953.Diplômé comme plasticien de l’Institut Saint-Luc et de l’Ecole Supérieure des Arts de l’Image « le 75 » à Bruxelles. Principaux « Prix » et « Distinctions » : 1977 &#8211; Premier prix du concours « Aquarelle-Gouache-Pastel »organisé par le Ministère de la Culture Française.1978 &#8211; Distingué au &hellip; <a href="https://www.michelcerfont.be/?page_id=36" class="more-link">Continuer la lecture<span class="screen-reader-text"> de &laquo;&nbsp;Biographie&nbsp;&raquo;</span></a></p>
